{"id":207,"date":"2023-08-04T22:06:02","date_gmt":"2023-08-04T22:06:02","guid":{"rendered":"https:\/\/siemprebellasv.com\/?post_type=product&#038;p=207"},"modified":"2025-06-22T16:47:42","modified_gmt":"2025-06-22T16:47:42","slug":"reparacion-low-mascarilla-500-ml-verde","status":"publish","type":"product","link":"https:\/\/siemprebellasv.com\/?product=reparacion-low-mascarilla-500-ml-verde","title":{"rendered":"Reparacion Low Mascarilla 500 Ml (Verde)"},"content":{"rendered":"\n<p>Reparative Mask o M\u00e1scara reestructurante es usado\u00a0<strong>para cabellos da\u00f1ados<\/strong>: tratamiento intensivo acondicionador para la reconstrucci\u00f3n profunda de la fibra capilar. Si se utiliza con regularidad, aumenta progresivamente la resistencia del cabello a la rotura.<\/p>\n\n\n\n<p><\/p>\n\n\n\n<p><strong>Modo de empleo<\/strong><\/p>\n\n\n\n<p><strong>Despu\u00e9s de lavar el cabello, aplicar en largos y puntas una o dos nueces de producto<\/strong>. Dejar actuar 5 minutos. Enjuagar cuidadosamente.<\/p>\n\n\n\n<p><\/p>\n\n\n\n<p><strong>\u00bfC\u00f3mo aplicar la mascarilla Alfaparf?<\/strong><\/p>\n\n\n\n<p><strong>Aplicar<\/strong>&nbsp;sobre el cabello h\u00famedo una peque\u00f1a cantidad de producto y efectuar un masaje en largos y puntas. Dejar actuar 5 minutos y emulsionar. A continuaci\u00f3n, aclarar abundantemente con agua.<\/p>\n","protected":false},"excerpt":{"rendered":"<p>MASCARILLA REESTRUCTURANTE PARA CABELLOS DA\u00d1ADOS<\/p>\n","protected":false},"featured_media":225,"comment_status":"closed","ping_status":"closed","template":"","meta":{"om_disable_all_campaigns":false,"_monsterinsights_skip_tracking":false,"_monsterinsights_sitenote_active":false,"_monsterinsights_sitenote_note":"","_monsterinsights_sitenote_category":0,"_uf_show_specific_survey":0,"_uf_disable_surveys":false},"product_brand":[],"product_cat":[33],"product_tag":[37],"class_list":{"0":"post-207","1":"product","2":"type-product","3":"status-publish","4":"has-post-thumbnail","6":"product_cat-alfaparf","7":"product_tag-mascarillatratamientoreparacionalfaparf","9":"first","10":"instock","11":"sale","12":"shipping-taxable","13":"purchasable","14":"product-type-simple"},"aioseo_notices":[],"yoast_head":"<!-- This site is optimized with the Yoast SEO plugin v27.4 - https:\/\/yoast.com\/product\/yoast-seo-wordpress\/ -->\n<title>Reparacion Low Mascarilla 500 Ml (Verde) | Siempre Bella El Salvador<\/title>\n<meta name=\"description\" content=\"Encuentra los mejores productos para el cuidado del cabello en SiempreBellaSV. Transforma tu cabello con amor y nutrici\u00f3n. \u00a1Dale a tu cabello el brillo que se merece!\" \/>\n<meta name=\"robots\" content=\"index, follow, max-snippet:-1, max-image-preview:large, max-video-preview:-1\" \/>\n<link rel=\"canonical\" href=\"https:\/\/siemprebellasv.com\/?product=reparacion-low-mascarilla-500-ml-verde\" \/>\n<meta property=\"og:locale\" content=\"es_MX\" \/>\n<meta property=\"og:type\" content=\"article\" \/>\n<meta property=\"og:title\" content=\"Reparacion Low Mascarilla 500 Ml (Verde) | Siempre Bella El Salvador\" \/>\n<meta property=\"og:description\" content=\"Encuentra los mejores productos para el cuidado del cabello en SiempreBellaSV. Transforma tu cabello con amor y nutrici\u00f3n. \u00a1Dale a tu cabello el brillo que se merece!\" \/>\n<meta property=\"og:url\" content=\"https:\/\/siemprebellasv.com\/?product=reparacion-low-mascarilla-500-ml-verde\" \/>\n<meta property=\"og:site_name\" content=\"Siempre Bella El Salvador\" \/>\n<meta property=\"article:publisher\" content=\"https:\/\/www.facebook.com\/siemprebellasvf\" \/>\n<meta property=\"article:modified_time\" content=\"2025-06-22T16:47:42+00:00\" \/>\n<meta property=\"og:image\" content=\"http:\/\/siemprebellasv.com\/wp-content\/uploads\/2023\/08\/Reparacion-Low-Mascarilla-500-Ml.jpg\" \/>\n\t<meta property=\"og:image:width\" content=\"1091\" \/>\n\t<meta property=\"og:image:height\" content=\"1107\" \/>\n\t<meta property=\"og:image:type\" content=\"image\/jpeg\" \/>\n<meta name=\"twitter:card\" content=\"summary_large_image\" \/>\n<meta name=\"twitter:label1\" content=\"Tiempo de lectura\" \/>\n\t<meta name=\"twitter:data1\" content=\"1 minuto\" \/>\n<script type=\"application\/ld+json\" class=\"yoast-schema-graph\">{\"@context\":\"https:\\\/\\\/schema.org\",\"@graph\":[{\"@type\":[\"WebPage\",\"ItemPage\"],\"@id\":\"https:\\\/\\\/siemprebellasv.com\\\/?product=reparacion-low-mascarilla-500-ml-verde\",\"url\":\"https:\\\/\\\/siemprebellasv.com\\\/?product=reparacion-low-mascarilla-500-ml-verde\",\"name\":\"Reparacion Low Mascarilla 500 Ml (Verde) | Siempre Bella El Salvador\",\"isPartOf\":{\"@id\":\"https:\\\/\\\/siemprebellasv.com\\\/#website\"},\"primaryImageOfPage\":{\"@id\":\"https:\\\/\\\/siemprebellasv.com\\\/?product=reparacion-low-mascarilla-500-ml-verde#primaryimage\"},\"image\":{\"@id\":\"https:\\\/\\\/siemprebellasv.com\\\/?product=reparacion-low-mascarilla-500-ml-verde#primaryimage\"},\"thumbnailUrl\":\"https:\\\/\\\/i0.wp.com\\\/siemprebellasv.com\\\/wp-content\\\/uploads\\\/2023\\\/08\\\/Reparacion-Low-Mascarilla-500-Ml.jpg?fit=1091%2C1107&ssl=1\",\"datePublished\":\"2023-08-04T22:06:02+00:00\",\"dateModified\":\"2025-06-22T16:47:42+00:00\",\"description\":\"Encuentra los mejores productos para el cuidado del cabello en SiempreBellaSV. Transforma tu cabello con amor y nutrici\u00f3n. \u00a1Dale a tu cabello el brillo que se merece!\",\"breadcrumb\":{\"@id\":\"https:\\\/\\\/siemprebellasv.com\\\/?product=reparacion-low-mascarilla-500-ml-verde#breadcrumb\"},\"inLanguage\":\"es\",\"potentialAction\":[{\"@type\":\"ReadAction\",\"target\":[\"https:\\\/\\\/siemprebellasv.com\\\/?product=reparacion-low-mascarilla-500-ml-verde\"]}]},{\"@type\":\"ImageObject\",\"inLanguage\":\"es\",\"@id\":\"https:\\\/\\\/siemprebellasv.com\\\/?product=reparacion-low-mascarilla-500-ml-verde#primaryimage\",\"url\":\"https:\\\/\\\/i0.wp.com\\\/siemprebellasv.com\\\/wp-content\\\/uploads\\\/2023\\\/08\\\/Reparacion-Low-Mascarilla-500-Ml.jpg?fit=1091%2C1107&ssl=1\",\"contentUrl\":\"https:\\\/\\\/i0.wp.com\\\/siemprebellasv.com\\\/wp-content\\\/uploads\\\/2023\\\/08\\\/Reparacion-Low-Mascarilla-500-Ml.jpg?fit=1091%2C1107&ssl=1\",\"width\":1091,\"height\":1107,\"caption\":\"reparacion-low-mascarilla-500-ml\"},{\"@type\":\"BreadcrumbList\",\"@id\":\"https:\\\/\\\/siemprebellasv.com\\\/?product=reparacion-low-mascarilla-500-ml-verde#breadcrumb\",\"itemListElement\":[{\"@type\":\"ListItem\",\"position\":1,\"name\":\"Inicio\",\"item\":\"https:\\\/\\\/siemprebellasv.com\\\/\"},{\"@type\":\"ListItem\",\"position\":2,\"name\":\"Tienda de productos para el cuidado del cabello.\",\"item\":\"https:\\\/\\\/siemprebellasv.com\\\/\"},{\"@type\":\"ListItem\",\"position\":3,\"name\":\"ALFAPARF\",\"item\":\"https:\\\/\\\/siemprebellasv.com\\\/?product_cat=alfaparf\"},{\"@type\":\"ListItem\",\"position\":4,\"name\":\"Reparacion Low Mascarilla 500 Ml (Verde)\"}]},{\"@type\":\"WebSite\",\"@id\":\"https:\\\/\\\/siemprebellasv.com\\\/#website\",\"url\":\"https:\\\/\\\/siemprebellasv.com\\\/\",\"name\":\"Siempre Bella El Salvador\",\"description\":\"Le ofrecemos productos de alta calidad para el cuidado y belleza del cabello.\",\"publisher\":{\"@id\":\"https:\\\/\\\/siemprebellasv.com\\\/#organization\"},\"potentialAction\":[{\"@type\":\"SearchAction\",\"target\":{\"@type\":\"EntryPoint\",\"urlTemplate\":\"https:\\\/\\\/siemprebellasv.com\\\/?s={search_term_string}\"},\"query-input\":{\"@type\":\"PropertyValueSpecification\",\"valueRequired\":true,\"valueName\":\"search_term_string\"}}],\"inLanguage\":\"es\"},{\"@type\":\"Organization\",\"@id\":\"https:\\\/\\\/siemprebellasv.com\\\/#organization\",\"name\":\"Siempre Bella El Salvador\",\"alternateName\":\"Siempre Bella El Salvador\",\"url\":\"https:\\\/\\\/siemprebellasv.com\\\/\",\"logo\":{\"@type\":\"ImageObject\",\"inLanguage\":\"es\",\"@id\":\"https:\\\/\\\/siemprebellasv.com\\\/#\\\/schema\\\/logo\\\/image\\\/\",\"url\":\"https:\\\/\\\/i0.wp.com\\\/siemprebellasv.com\\\/wp-content\\\/uploads\\\/2023\\\/07\\\/cropped-siemprebellasv_logo-1.jpg?fit=699%2C699&ssl=1\",\"contentUrl\":\"https:\\\/\\\/i0.wp.com\\\/siemprebellasv.com\\\/wp-content\\\/uploads\\\/2023\\\/07\\\/cropped-siemprebellasv_logo-1.jpg?fit=699%2C699&ssl=1\",\"width\":699,\"height\":699,\"caption\":\"Siempre Bella El Salvador\"},\"image\":{\"@id\":\"https:\\\/\\\/siemprebellasv.com\\\/#\\\/schema\\\/logo\\\/image\\\/\"},\"sameAs\":[\"https:\\\/\\\/www.facebook.com\\\/siemprebellasvf\",\"https:\\\/\\\/www.instagram.com\\\/bellabeautysv\\\/\"]}]}<\/script>\n<!-- \/ Yoast SEO plugin. -->","yoast_head_json":{"title":"Reparacion Low Mascarilla 500 Ml (Verde) | Siempre Bella El Salvador","description":"Encuentra los mejores productos para el cuidado del cabello en SiempreBellaSV. Transforma tu cabello con amor y nutrici\u00f3n. \u00a1Dale a tu cabello el brillo que se merece!","robots":{"index":"index","follow":"follow","max-snippet":"max-snippet:-1","max-image-preview":"max-image-preview:large","max-video-preview":"max-video-preview:-1"},"canonical":"https:\/\/siemprebellasv.com\/?product=reparacion-low-mascarilla-500-ml-verde","og_locale":"es_MX","og_type":"article","og_title":"Reparacion Low Mascarilla 500 Ml (Verde) | Siempre Bella El Salvador","og_description":"Encuentra los mejores productos para el cuidado del cabello en SiempreBellaSV. Transforma tu cabello con amor y nutrici\u00f3n. \u00a1Dale a tu cabello el brillo que se merece!","og_url":"https:\/\/siemprebellasv.com\/?product=reparacion-low-mascarilla-500-ml-verde","og_site_name":"Siempre Bella El Salvador","article_publisher":"https:\/\/www.facebook.com\/siemprebellasvf","article_modified_time":"2025-06-22T16:47:42+00:00","og_image":[{"width":1091,"height":1107,"url":"http:\/\/siemprebellasv.com\/wp-content\/uploads\/2023\/08\/Reparacion-Low-Mascarilla-500-Ml.jpg","type":"image\/jpeg"}],"twitter_card":"summary_large_image","twitter_misc":{"Tiempo de lectura":"1 minuto"},"schema":{"@context":"https:\/\/schema.org","@graph":[{"@type":["WebPage","ItemPage"],"@id":"https:\/\/siemprebellasv.com\/?product=reparacion-low-mascarilla-500-ml-verde","url":"https:\/\/siemprebellasv.com\/?product=reparacion-low-mascarilla-500-ml-verde","name":"Reparacion Low Mascarilla 500 Ml (Verde) | Siempre Bella El Salvador","isPartOf":{"@id":"https:\/\/siemprebellasv.com\/#website"},"primaryImageOfPage":{"@id":"https:\/\/siemprebellasv.com\/?product=reparacion-low-mascarilla-500-ml-verde#primaryimage"},"image":{"@id":"https:\/\/siemprebellasv.com\/?product=reparacion-low-mascarilla-500-ml-verde#primaryimage"},"thumbnailUrl":"https:\/\/i0.wp.com\/siemprebellasv.com\/wp-content\/uploads\/2023\/08\/Reparacion-Low-Mascarilla-500-Ml.jpg?fit=1091%2C1107&ssl=1","datePublished":"2023-08-04T22:06:02+00:00","dateModified":"2025-06-22T16:47:42+00:00","description":"Encuentra los mejores productos para el cuidado del cabello en SiempreBellaSV. Transforma tu cabello con amor y nutrici\u00f3n. \u00a1Dale a tu cabello el brillo que se merece!","breadcrumb":{"@id":"https:\/\/siemprebellasv.com\/?product=reparacion-low-mascarilla-500-ml-verde#breadcrumb"},"inLanguage":"es","potentialAction":[{"@type":"ReadAction","target":["https:\/\/siemprebellasv.com\/?product=reparacion-low-mascarilla-500-ml-verde"]}]},{"@type":"ImageObject","inLanguage":"es","@id":"https:\/\/siemprebellasv.com\/?product=reparacion-low-mascarilla-500-ml-verde#primaryimage","url":"https:\/\/i0.wp.com\/siemprebellasv.com\/wp-content\/uploads\/2023\/08\/Reparacion-Low-Mascarilla-500-Ml.jpg?fit=1091%2C1107&ssl=1","contentUrl":"https:\/\/i0.wp.com\/siemprebellasv.com\/wp-content\/uploads\/2023\/08\/Reparacion-Low-Mascarilla-500-Ml.jpg?fit=1091%2C1107&ssl=1","width":1091,"height":1107,"caption":"reparacion-low-mascarilla-500-ml"},{"@type":"BreadcrumbList","@id":"https:\/\/siemprebellasv.com\/?product=reparacion-low-mascarilla-500-ml-verde#breadcrumb","itemListElement":[{"@type":"ListItem","position":1,"name":"Inicio","item":"https:\/\/siemprebellasv.com\/"},{"@type":"ListItem","position":2,"name":"Tienda de productos para el cuidado del cabello.","item":"https:\/\/siemprebellasv.com\/"},{"@type":"ListItem","position":3,"name":"ALFAPARF","item":"https:\/\/siemprebellasv.com\/?product_cat=alfaparf"},{"@type":"ListItem","position":4,"name":"Reparacion Low Mascarilla 500 Ml (Verde)"}]},{"@type":"WebSite","@id":"https:\/\/siemprebellasv.com\/#website","url":"https:\/\/siemprebellasv.com\/","name":"Siempre Bella El Salvador","description":"Le ofrecemos productos de alta calidad para el cuidado y belleza del cabello.","publisher":{"@id":"https:\/\/siemprebellasv.com\/#organization"},"potentialAction":[{"@type":"SearchAction","target":{"@type":"EntryPoint","urlTemplate":"https:\/\/siemprebellasv.com\/?s={search_term_string}"},"query-input":{"@type":"PropertyValueSpecification","valueRequired":true,"valueName":"search_term_string"}}],"inLanguage":"es"},{"@type":"Organization","@id":"https:\/\/siemprebellasv.com\/#organization","name":"Siempre Bella El Salvador","alternateName":"Siempre Bella El Salvador","url":"https:\/\/siemprebellasv.com\/","logo":{"@type":"ImageObject","inLanguage":"es","@id":"https:\/\/siemprebellasv.com\/#\/schema\/logo\/image\/","url":"https:\/\/i0.wp.com\/siemprebellasv.com\/wp-content\/uploads\/2023\/07\/cropped-siemprebellasv_logo-1.jpg?fit=699%2C699&ssl=1","contentUrl":"https:\/\/i0.wp.com\/siemprebellasv.com\/wp-content\/uploads\/2023\/07\/cropped-siemprebellasv_logo-1.jpg?fit=699%2C699&ssl=1","width":699,"height":699,"caption":"Siempre Bella El Salvador"},"image":{"@id":"https:\/\/siemprebellasv.com\/#\/schema\/logo\/image\/"},"sameAs":["https:\/\/www.facebook.com\/siemprebellasvf","https:\/\/www.instagram.com\/bellabeautysv\/"]}]}},"jetpack_sharing_enabled":true,"_links":{"self":[{"href":"https:\/\/siemprebellasv.com\/index.php?rest_route=\/wp\/v2\/product\/207","targetHints":{"allow":["GET"]}}],"collection":[{"href":"https:\/\/siemprebellasv.com\/index.php?rest_route=\/wp\/v2\/product"}],"about":[{"href":"https:\/\/siemprebellasv.com\/index.php?rest_route=\/wp\/v2\/types\/product"}],"replies":[{"embeddable":true,"href":"https:\/\/siemprebellasv.com\/index.php?rest_route=%2Fwp%2Fv2%2Fcomments&post=207"}],"wp:featuredmedia":[{"embeddable":true,"href":"https:\/\/siemprebellasv.com\/index.php?rest_route=\/wp\/v2\/media\/225"}],"wp:attachment":[{"href":"https:\/\/siemprebellasv.com\/index.php?rest_route=%2Fwp%2Fv2%2Fmedia&parent=207"}],"wp:term":[{"taxonomy":"product_brand","embeddable":true,"href":"https:\/\/siemprebellasv.com\/index.php?rest_route=%2Fwp%2Fv2%2Fproduct_brand&post=207"},{"taxonomy":"product_cat","embeddable":true,"href":"https:\/\/siemprebellasv.com\/index.php?rest_route=%2Fwp%2Fv2%2Fproduct_cat&post=207"},{"taxonomy":"product_tag","embeddable":true,"href":"https:\/\/siemprebellasv.com\/index.php?rest_route=%2Fwp%2Fv2%2Fproduct_tag&post=207"}],"curies":[{"name":"wp","href":"https:\/\/api.w.org\/{rel}","templated":true}]}}